common divisor of 6464 and 34744.
808
What is the highest common factor of 4103 and 77?
11
What is the highest common factor of 3561 and 938917?
1187
Calculate the highest common divisor of 323 and 76211.
17
What is the highest common factor of 14534 and 258?
86
Calculate the greatest common factor of 1825 and 66065.
365
Calculate the greatest common factor of 100 and 21025.
25
Calculate the highest common factor of 260670 and 30.
30
What is the greatest common divisor of 411 and 1451789?
137
What is the greatest common factor of 17 and 109888?
17
Calculate the greatest common divisor of 405 and 193455.
135
Calculate the highest common factor of 731061 and 261.
261
What is the greatest common divisor of 320523 and 168?
21
What is the highest common factor of 10 and 40295?
5
Calculate the highest common divisor of 208 and 112384.
16
Calculate the highest common factor of 326438 and 294.
98
What is the highest common factor of 91092 and 24?
12
Calculate the highest common factor of 24867 and 16271.
307
What is the greatest common divisor of 93247 and 1557?
173
Calculate the greatest common factor of 2208224 and 151.
151
What is the highest common divisor of 2320 and 140?
20
Calculate the highest common divisor of 156 and 142116.
156
What is the highest common divisor of 252824 and 35152?
1352
What is the greatest common divisor of 136 and 54961?
17
Calculate the highest common factor of 44 and 4856.
4
Calculate the greatest common divisor of 10685649 and 39.
39
Calculate the greatest common divisor of 4402 and 13774.
142
What is the greatest common factor of 1362 and 91027?
227
What is the greatest common divisor of 540 and 8460?
180
Calculate the greatest common factor of 48 and 351888.
48
What is the greatest common divisor of 35 and 153895?
35
What is the greatest common factor of 407 and 25740?
11
What is the highest common factor of 416 and 544?
32
Calculate the highest common divisor of 55 and 26081.
11
What is the highest common divisor of 76936 and 978?
326
What is the greatest common divisor of 2665 and 2747?
41
What is the highest common divisor of 14848 and 8004?
116
Calculate the highest common divisor of 278 and 288842.
278
Calculate the greatest common factor of 1080 and 197586.
54
Calculate the greatest common factor of 6 and 15585.
3
What is the greatest common factor of 8402050 and 985?
985
What is the greatest common factor of 3084 and 264?
12
What is the highest common factor of 112 and 16387?
7
Calculate the highest common factor of 235185 and 95.
5
Calculate the greatest common factor of 750 and 42310.
10
Calculate the highest common divisor of 25168 and 2392.
104
Calculate the highest common factor of 5038 and 22.
22
Calculate the highest common divisor of 5630 and 1922.
2
Calculate the greatest common factor of 717 and 177.
3
Calculate the greatest common factor of 1479 and 816.
51
Calculate the highest common divisor of 12021 and 177.
3
Calculate the highest common factor of 2937 and 75834.
33
Calculate the greatest common divisor of 241848 and 1368.
72
Calculate the highest common divisor of 18 and 209898.
18
What is the highest common factor of 71932 and 196?
196
Calculate the greatest common divisor of 12684 and 1148.
28
Calculate the greatest common factor of 54145 and 70.
35
Calculate the greatest common factor of 1299888 and 3264.
816
What is the greatest common divisor of 82 and 34316?
2
Calculate the greatest common factor of 375 and 2985.
15
What is the highest common factor of 320 and 8384?
64
What is the highest common divisor of 22590 and 2880?
90
Calculate the greatest common divisor of 60 and 6571560.
60
What is the greatest common divisor of 2976249 and 942?
471
Calculate the greatest common divisor of 563 and 23.
1
What is the highest common factor of 44933 and 4802?
343
What is the highest common factor of 939872 and 2944?
736
Calculate the greatest common divisor of 37410 and 7395.
435
What is the greatest common divisor of 686 and 45766?
98
What is the greatest common divisor of 2432 and 117021?
19
What is the greatest common factor of 5400 and 4125?
75
Calculate the highest common factor of 5860 and 45.
5
What is the highest common factor of 55 and 334950?
55
What is the highest common factor of 41160 and 30?
30
Calculate the greatest common divisor of 23 and 130387.
23
Calculate the highest common divisor of 44804 and 23.
23
What is the greatest common factor of 3306 and 13794?
114
What is the greatest common divisor of 2235 and 1139701?
149
Calculate the highest common divisor of 845 and 11245.
65
What is the highest common divisor of 592 and 164132?
148
What is the highest common divisor of 294 and 176162?
14
What is the greatest common factor of 191492 and 588?
196
What is the highest common divisor of 405702 and 6830?
1366
Calculate the greatest common divisor of 143 and 1677637.
13
Calculate the greatest common factor of 2136 and 7387.
89
What is the greatest common factor of 1406 and 13034?
38
Calculate the greatest common factor of 31 and 15035.
31
Calculate the highest common factor of 3512 and 16.
8
Calculate the greatest common divisor of 1536 and 468.
12
What is the highest common factor of 26301 and 79700?
797
Calculate the greatest common factor of 664 and 4432.
8
What is the highest common factor of 21826 and 2422?
14
Calculate the highest common divisor of 3030 and 2424.
606
What is the highest common factor of 860 and 271545?
215
What is the highest common divisor of 1125 and 11781?
9
What is the greatest common divisor of 350 and 13825?
175
What is the highest common divisor of 197 and 107759?
197
Calculate the greatest common factor of 546 and 2327.
13
Calculate the highest common divisor of 12059 and 4743.
31
What is the greatest common divisor of 248 and 1286872?
248
Calculate the highest common factor of 616 and 252175.
77
Calculate the highest common divisor of 5785536 and 16.
16
Calculate the highest common factor of 13542 and 6222.
366
Calculate the greatest common divisor of 26748 and 306.
18
What is the highest common factor of 24 and 648?
24
What is the highest common divisor of 8245 and 215?
5
What is the highest common factor of 1292 and 3919282?
646
Calculate the greatest common divisor of 29347 and 1.
1
What is the highest common divisor of 37072 and 112?
112
Calculate the highest common factor of 5280 and 49065.
15
Calculate the greatest common divisor of 2577978 and 46.
46
What is the greatest common divisor of 290 and 28304?
58
What is the greatest common factor of 219007 and 6613?
389
What is the greatest common factor of 36 and 117522?
18
What is the greatest common divisor of 72 and 168120?
72
What is the greatest common factor of 160 and 104040?
40
Calculate the highest common factor of 60 and 125484.
12
What is the greatest common divisor of 12961 and 296109?
997
Calculate the highest common factor of 2165 and 4.
1
What is the highest common divisor of 5149 and 7505?
19
What is the highest common divisor of 3870 and 13760?
430
Calculate the highest common factor of 2794263 and 6.
3
Calculate the highest common factor of 415086 and 588.
42
What is the highest common divisor of 278312 and 2432?
152
Calculate the highest common divisor of 24 and 138804.
12
Calculate the greatest common divisor of 10750 and 1173470.
430
What is the highest common factor of 22671 and 5841?
99
Calculate the greatest common divisor of 234 and 1875822.
78
What is the highest common factor of 1344 and 8652?
84
What is the highest common factor of 169 and 1027?
13
Calculate the greatest common factor of 81 and 183789.
81
What is the highest common divisor of 217 and 3044293?
217
What is the highest common factor of 23101 and 221?
13
What is the greatest common divisor of 2781 and 7911?
27
What is the greatest common factor of 432861 and 429?
429
What is the highest common divisor of 1418800 and 400?
400
What is the highest common factor of 10476 and 276?
12
What is the greatest common factor of 183 and 6527?
61
What is the greatest common factor of 69551 and 7088?
443
What is the highest common divisor of 124 and 13919?
31
What is the highest common factor of 922368 and 312?
24
What is the highest common factor of 90 and 2955?
15
Calculate the highest common divisor of 43719 and 3211.